{"id":832,"date":"2025-05-18T14:18:23","date_gmt":"2025-05-18T14:18:23","guid":{"rendered":"https:\/\/proairtechnologies.com\/?page_id=832"},"modified":"2025-05-18T14:19:53","modified_gmt":"2025-05-18T14:19:53","slug":"hava-tanklari","status":"publish","type":"page","link":"https:\/\/proairtechnologies.com\/?page_id=832","title":{"rendered":"Hava Tanklar\u0131"},"content":{"rendered":"\t\t<div data-elementor-type=\"wp-page\" data-elementor-id=\"832\" class=\"elementor elementor-832\">\n\t\t\t\t<div class=\"elementor-element elementor-element-145b434 e-flex e-con-boxed e-con e-parent\" data-id=\"145b434\" data-element_type=\"container\" data-settings=\"{&quot;background_background&quot;:&quot;classic&quot;,&quot;shape_divider_bottom&quot;:&quot;triangle&quot;}\">\n\t\t\t\t\t<div class=\"e-con-inner\">\n\t\t\t\t<div class=\"elementor-shape elementor-shape-bottom\" data-negative=\"false\">\n\t\t\t<svg xmlns=\"http:\/\/www.w3.org\/2000\/svg\" viewBox=\"0 0 1000 100\" preserveAspectRatio=\"none\">\n\t<path class=\"elementor-shape-fill\" d=\"M500,98.9L0,6.1V0h1000v6.1L500,98.9z\"\/>\n<\/svg>\t\t<\/div>\n\t\t<div class=\"elementor-element elementor-element-61a7a206 e-flex e-con-boxed e-con e-child\" data-id=\"61a7a206\" data-element_type=\"container\">\n\t\t\t\t\t<div class=\"e-con-inner\">\n\t\t\t\t<div class=\"elementor-element elementor-element-a62477d elementor-widget elementor-widget-heading\" data-id=\"a62477d\" data-element_type=\"widget\" data-widget_type=\"heading.default\">\n\t\t\t\t<div class=\"elementor-widget-container\">\n\t\t\t\t\t<h2 class=\"elementor-heading-title elementor-size-default\">ProAir\nTechnologies<\/h2>\t\t\t\t<\/div>\n\t\t\t\t<\/div>\n\t\t\t\t<div class=\"elementor-element elementor-element-41cb93ff elementor-widget elementor-widget-heading\" data-id=\"41cb93ff\" data-element_type=\"widget\" data-widget_type=\"heading.default\">\n\t\t\t\t<div class=\"elementor-widget-container\">\n\t\t\t\t\t<h1 class=\"elementor-heading-title elementor-size-default\">Hava Tanklar\u0131<\/h1>\t\t\t\t<\/div>\n\t\t\t\t<\/div>\n\t\t\t\t\t<\/div>\n\t\t\t\t<\/div>\n\t\t\t\t\t<\/div>\n\t\t\t\t<\/div>\n\t\t<div class=\"elementor-element elementor-element-488073e7 e-flex e-con-boxed e-con e-parent\" data-id=\"488073e7\" data-element_type=\"container\">\n\t\t\t\t\t<div class=\"e-con-inner\">\n\t\t<div class=\"elementor-element elementor-element-5f6c9184 e-con-full e-flex e-con e-child\" data-id=\"5f6c9184\" data-element_type=\"container\" data-settings=\"{&quot;background_background&quot;:&quot;classic&quot;}\">\n\t\t\t\t<\/div>\n\t\t<div class=\"elementor-element elementor-element-6be2c500 e-con-full e-flex e-con e-child\" data-id=\"6be2c500\" data-element_type=\"container\">\n\t\t\t\t<div class=\"elementor-element elementor-element-7c78d38c elementor-widget elementor-widget-heading\" data-id=\"7c78d38c\" data-element_type=\"widget\" data-widget_type=\"heading.default\">\n\t\t\t\t<div class=\"elementor-widget-container\">\n\t\t\t\t\t<h2 class=\"elementor-heading-title elementor-size-default\">Bas\u0131n\u00e7l\u0131 Hava \u0130sraf\u0131n\u0131 Azalt\u0131n!<\/h2>\t\t\t\t<\/div>\n\t\t\t\t<\/div>\n\t\t\t\t<div class=\"elementor-element elementor-element-6649d02d elementor-widget elementor-widget-text-editor\" data-id=\"6649d02d\" data-element_type=\"widget\" data-widget_type=\"text-editor.default\">\n\t\t\t\t<div class=\"elementor-widget-container\">\n\t\t\t\t\t\t\t\t\t<p>Bazen bas\u0131n\u00e7l\u0131 hava tank\u0131 olarak da adland\u0131r\u0131lan hava deposu, herhangi bir bas\u0131n\u00e7l\u0131 hava sisteminin ayr\u0131lmaz bir par\u00e7as\u0131d\u0131r. Bunun temel amac\u0131, sisteminizden gelen talebin zirve yapt\u0131\u011f\u0131 anlar\u0131 kar\u015f\u0131lamak ve tesisinizin \u00e7al\u0131\u015fma verimlili\u011fini optimize etmek i\u00e7in ge\u00e7ici depolama g\u00f6revi g\u00f6rmektir.<\/p><p>\u0130\u00e7erdikleri muazzam bas\u0131n\u00e7 ve sistem a\u00e7\u0131s\u0131ndan \u00f6nemleri nedeniyle olduk\u00e7a dayan\u0131kl\u0131 ve g\u00fc\u00e7l\u00fc olacak \u015fekilde in\u015fa edilmeleri gerekir.<\/p><p>Hava kompres\u00f6r\u00fc tesisat\u0131n\u0131z teorik olarak bir al\u0131c\u0131 olmadan \u00e7al\u0131\u015fabilir, ancak hava sisteminizde bir al\u0131c\u0131n\u0131n olmamas\u0131 kompres\u00f6rdeki y\u00fckleme ve bo\u015faltma d\u00f6ng\u00fclerini art\u0131rarak kompres\u00f6r\u00fcn daha fazla \u00e7al\u0131\u015fmas\u0131na neden olabilir.<\/p><p>Y\u00fckleme\/bo\u015faltma d\u00f6ng\u00fclerinin tesisinizdeki talep dalgalanmalar\u0131na ba\u011fl\u0131 olaca\u011f\u0131n\u0131 unutmamak \u00f6nemlidir. Genellikle kaplar veya tanklar olarak adland\u0131r\u0131lan hava depolar\u0131, bas\u0131n\u00e7l\u0131 havay\u0131 boru sistemine ve\/veya ekipman\u0131na girmeden \u00f6nce depolamak i\u00e7in kullan\u0131l\u0131r.<\/p>\t\t\t\t\t\t\t\t<\/div>\n\t\t\t\t<\/div>\n\t\t\t\t<\/div>\n\t\t\t\t\t<\/div>\n\t\t\t\t<\/div>\n\t\t<div class=\"elementor-element elementor-element-7d5328ea e-flex e-con-boxed e-con e-parent\" data-id=\"7d5328ea\" data-element_type=\"container\">\n\t\t\t\t\t<div class=\"e-con-inner\">\n\t\t<div class=\"elementor-element elementor-element-f6f7cea e-flex e-con-boxed e-con e-child\" data-id=\"f6f7cea\" data-element_type=\"container\">\n\t\t\t\t\t<div class=\"e-con-inner\">\n\t\t\t\t<div class=\"elementor-element elementor-element-12c86448 elementor-widget elementor-widget-text-editor\" data-id=\"12c86448\" data-element_type=\"widget\" data-widget_type=\"text-editor.default\">\n\t\t\t\t<div class=\"elementor-widget-container\">\n\t\t\t\t\t\t\t\t\t<p>Hava kompres\u00f6r\u00fc a\u00e7\u0131l\u0131p kapand\u0131k\u00e7a bas\u0131n\u00e7l\u0131 hava israf\u0131na neden olabilir. D\u00f6ner vidal\u0131 hava kompres\u00f6r\u00fc her bo\u015falt\u0131ld\u0131\u011f\u0131nda, karter tank\u0131 (ya\u011f deposu) havaland\u0131r\u0131l\u0131r. Havaland\u0131rma s\u0131ras\u0131nda bas\u0131n\u00e7l\u0131 hava a\u00e7\u0131\u011fa \u00e7\u0131kar. Zamanla, bu durum tesisinizdeki proseslere g\u00fc\u00e7 sa\u011flamak i\u00e7in kullan\u0131labilecek binlerce fit k\u00fcp bas\u0131n\u00e7l\u0131 havan\u0131n kayb\u0131na neden olur. Uygun boyuttaki bir hava depolama tank\u0131, s\u0131k s\u0131k \u00e7evrimi ve havaland\u0131rmay\u0131 azalt\u0131r.<\/p><p>Bas\u0131n\u00e7l\u0131 hava tank\u0131n\u0131z, tesisiniz i\u00e7in bir batarya gibidir ve talebin y\u00fcksek oldu\u011fu d\u00f6nemlerde kullanabilece\u011finiz ekstra bir bas\u0131n\u00e7l\u0131 hava deposu sa\u011flar. Kullan\u0131lacak bir bas\u0131n\u00e7l\u0131 hava deposu olmad\u0131\u011f\u0131nda, sistemin en y\u00fcksek talepleri kar\u015f\u0131lamaya her zaman haz\u0131r olmas\u0131 i\u00e7in daha y\u00fcksek bas\u0131n\u00e7larda \u00e7al\u0131\u015fmas\u0131 gerekecektir. Temelde sisteminizden, tesisiniz her zaman maksimum talepte \u00e7al\u0131\u015f\u0131yormu\u015f gibi \u00e7al\u0131\u015fmas\u0131n\u0131 istersiniz. Bu, enerji kullan\u0131m\u0131n\u0131n artmas\u0131na ve sistemin a\u015f\u0131nmas\u0131na ve y\u0131pranmas\u0131na yol a\u00e7ar.<\/p><p>\u00dcr\u00fcn\u00fcn\u00fcz\u00fcn uzun y\u0131llar dayanaca\u011f\u0131ndan ve g\u00fcnl\u00fck kullan\u0131m yo\u011funlu\u011funa dayanabilece\u011finden emin olmak i\u00e7in Dalgak\u0131ran Kompres\u00f6r&#8217;\u00fcn sayg\u0131n bayilerinden ve markalar\u0131ndan sat\u0131n alman\u0131z kesinlikle \u00f6nemlidir.<\/p>\t\t\t\t\t\t\t\t<\/div>\n\t\t\t\t<\/div>\n\t\t\t\t\t<\/div>\n\t\t\t\t<\/div>\n\t\t\t\t\t<\/div>\n\t\t\t\t<\/div>\n\t\t<div class=\"elementor-element elementor-element-1a30d463 e-flex e-con-boxed e-con e-parent\" data-id=\"1a30d463\" data-element_type=\"container\">\n\t\t\t\t\t<div class=\"e-con-inner\">\n\t\t\t\t<div class=\"elementor-element elementor-element-c8b3f20 elementor-widget elementor-widget-heading\" data-id=\"c8b3f20\" data-element_type=\"widget\" data-widget_type=\"heading.default\">\n\t\t\t\t<div class=\"elementor-widget-container\">\n\t\t\t\t\t<h2 class=\"elementor-heading-title elementor-size-default\">Nas\u0131l \u00c7al\u0131\u015f\u0131yoruz<\/h2>\t\t\t\t<\/div>\n\t\t\t\t<\/div>\n\t\t\t\t<div class=\"elementor-element elementor-element-3472a57c elementor-widget elementor-widget-text-editor\" data-id=\"3472a57c\" data-element_type=\"widget\" data-widget_type=\"text-editor.default\">\n\t\t\t\t<div class=\"elementor-widget-container\">\n\t\t\t\t\t\t\t\t\t<p>\u0130htiyac\u0131n\u0131za uygun end\u00fcstriyel kompres\u00f6rleri en y\u00fcksek kalite standartlar\u0131nda \u00fcretiyoruz. S\u00fcre\u00e7lerimizi ke\u015ffedin.<\/p>\t\t\t\t\t\t\t\t<\/div>\n\t\t\t\t<\/div>\n\t\t<div class=\"elementor-element elementor-element-2dce5abe e-flex e-con-boxed e-con e-child\" data-id=\"2dce5abe\" data-element_type=\"container\">\n\t\t\t\t\t<div class=\"e-con-inner\">\n\t\t<div class=\"elementor-element elementor-element-28f26eee e-flex e-con-boxed e-con e-child\" data-id=\"28f26eee\" data-element_type=\"container\">\n\t\t\t\t\t<div class=\"e-con-inner\">\n\t\t<div class=\"elementor-element elementor-element-1129a04 e-flex e-con-boxed e-con e-child\" data-id=\"1129a04\" data-element_type=\"container\">\n\t\t\t\t\t<div class=\"e-con-inner\">\n\t\t\t\t<div class=\"elementor-element elementor-element-732482e7 elementor-absolute elementor-hidden-mobile elementor-view-default elementor-widget elementor-widget-icon\" data-id=\"732482e7\" data-element_type=\"widget\" data-settings=\"{&quot;_position&quot;:&quot;absolute&quot;}\" data-widget_type=\"icon.default\">\n\t\t\t\t<div class=\"elementor-widget-container\">\n\t\t\t\t\t\t\t<div class=\"elementor-icon-wrapper\">\n\t\t\t<div class=\"elementor-icon\">\n\t\t\t<svg aria-hidden=\"true\" class=\"e-font-icon-svg e-fas-arrow-right\" viewBox=\"0 0 448 512\" xmlns=\"http:\/\/www.w3.org\/2000\/svg\"><path d=\"M190.5 66.9l22.2-22.2c9.4-9.4 24.6-9.4 33.9 0L441 239c9.4 9.4 9.4 24.6 0 33.9L246.6 467.3c-9.4 9.4-24.6 9.4-33.9 0l-22.2-22.2c-9.5-9.5-9.3-25 .4-34.3L311.4 296H24c-13.3 0-24-10.7-24-24v-32c0-13.3 10.7-24 24-24h287.4L190.9 101.2c-9.8-9.3-10-24.8-.4-34.3z\"><\/path><\/svg>\t\t\t<\/div>\n\t\t<\/div>\n\t\t\t\t\t\t<\/div>\n\t\t\t\t<\/div>\n\t\t\t\t<div class=\"elementor-element elementor-element-7c4ca253 elementor-view-stacked elementor-shape-square elementor-widget elementor-widget-icon\" data-id=\"7c4ca253\" data-element_type=\"widget\" data-widget_type=\"icon.default\">\n\t\t\t\t<div class=\"elementor-widget-container\">\n\t\t\t\t\t\t\t<div class=\"elementor-icon-wrapper\">\n\t\t\t<div class=\"elementor-icon\">\n\t\t\t<i aria-hidden=\"true\" class=\"icon icon-chat\"><\/i>\t\t\t<\/div>\n\t\t<\/div>\n\t\t\t\t\t\t<\/div>\n\t\t\t\t<\/div>\n\t\t\t\t<div class=\"elementor-element elementor-element-eb4c0f8 elementor-widget elementor-widget-heading\" data-id=\"eb4c0f8\" data-element_type=\"widget\" data-widget_type=\"heading.default\">\n\t\t\t\t<div class=\"elementor-widget-container\">\n\t\t\t\t\t<h3 class=\"elementor-heading-title elementor-size-default\">\u0130htiyac\u0131n\u0131z\u0131 Belirleyelim<\/h3>\t\t\t\t<\/div>\n\t\t\t\t<\/div>\n\t\t\t\t<div class=\"elementor-element elementor-element-68605877 elementor-widget elementor-widget-text-editor\" data-id=\"68605877\" data-element_type=\"widget\" data-widget_type=\"text-editor.default\">\n\t\t\t\t<div class=\"elementor-widget-container\">\n\t\t\t\t\t\t\t\t\t<p>\u0130htiyac\u0131n\u0131za en uygun kompres\u00f6r \u00e7\u00f6z\u00fcm\u00fcn\u00fc birlikte belirleyelim.<\/p>\t\t\t\t\t\t\t\t<\/div>\n\t\t\t\t<\/div>\n\t\t\t\t\t<\/div>\n\t\t\t\t<\/div>\n\t\t<div class=\"elementor-element elementor-element-71e26a86 e-flex e-con-boxed e-con e-child\" data-id=\"71e26a86\" data-element_type=\"container\">\n\t\t\t\t\t<div class=\"e-con-inner\">\n\t\t\t\t<div class=\"elementor-element elementor-element-2c1b5392 elementor-absolute elementor-hidden-mobile elementor-view-default elementor-widget elementor-widget-icon\" data-id=\"2c1b5392\" data-element_type=\"widget\" data-settings=\"{&quot;_position&quot;:&quot;absolute&quot;}\" data-widget_type=\"icon.default\">\n\t\t\t\t<div class=\"elementor-widget-container\">\n\t\t\t\t\t\t\t<div class=\"elementor-icon-wrapper\">\n\t\t\t<div class=\"elementor-icon\">\n\t\t\t<svg aria-hidden=\"true\" class=\"e-font-icon-svg e-fas-arrow-right\" viewBox=\"0 0 448 512\" xmlns=\"http:\/\/www.w3.org\/2000\/svg\"><path d=\"M190.5 66.9l22.2-22.2c9.4-9.4 24.6-9.4 33.9 0L441 239c9.4 9.4 9.4 24.6 0 33.9L246.6 467.3c-9.4 9.4-24.6 9.4-33.9 0l-22.2-22.2c-9.5-9.5-9.3-25 .4-34.3L311.4 296H24c-13.3 0-24-10.7-24-24v-32c0-13.3 10.7-24 24-24h287.4L190.9 101.2c-9.8-9.3-10-24.8-.4-34.3z\"><\/path><\/svg>\t\t\t<\/div>\n\t\t<\/div>\n\t\t\t\t\t\t<\/div>\n\t\t\t\t<\/div>\n\t\t\t\t<div class=\"elementor-element elementor-element-2502860f elementor-view-stacked elementor-shape-square elementor-widget elementor-widget-icon\" data-id=\"2502860f\" data-element_type=\"widget\" data-widget_type=\"icon.default\">\n\t\t\t\t<div class=\"elementor-widget-container\">\n\t\t\t\t\t\t\t<div class=\"elementor-icon-wrapper\">\n\t\t\t<div class=\"elementor-icon\">\n\t\t\t<i aria-hidden=\"true\" class=\"icon icon-contract\"><\/i>\t\t\t<\/div>\n\t\t<\/div>\n\t\t\t\t\t\t<\/div>\n\t\t\t\t<\/div>\n\t\t\t\t<div class=\"elementor-element elementor-element-5c45c5e4 elementor-widget elementor-widget-heading\" data-id=\"5c45c5e4\" data-element_type=\"widget\" data-widget_type=\"heading.default\">\n\t\t\t\t<div class=\"elementor-widget-container\">\n\t\t\t\t\t<h3 class=\"elementor-heading-title elementor-size-default\">Teklif ve S\u00f6zle\u015fme<\/h3>\t\t\t\t<\/div>\n\t\t\t\t<\/div>\n\t\t\t\t<div class=\"elementor-element elementor-element-1c60fe94 elementor-widget elementor-widget-text-editor\" data-id=\"1c60fe94\" data-element_type=\"widget\" data-widget_type=\"text-editor.default\">\n\t\t\t\t<div class=\"elementor-widget-container\">\n\t\t\t\t\t\t\t\t\t<p>Size \u00f6zel teklif sunuyor, anla\u015fmam\u0131z\u0131 s\u00f6zle\u015fme ile g\u00fcvence alt\u0131na al\u0131yoruz.<\/p>\t\t\t\t\t\t\t\t<\/div>\n\t\t\t\t<\/div>\n\t\t\t\t\t<\/div>\n\t\t\t\t<\/div>\n\t\t\t\t\t<\/div>\n\t\t\t\t<\/div>\n\t\t<div class=\"elementor-element elementor-element-58166beb e-flex e-con-boxed e-con e-child\" data-id=\"58166beb\" data-element_type=\"container\">\n\t\t\t\t\t<div class=\"e-con-inner\">\n\t\t<div class=\"elementor-element elementor-element-370401a9 e-flex e-con-boxed e-con e-child\" data-id=\"370401a9\" data-element_type=\"container\">\n\t\t\t\t\t<div class=\"e-con-inner\">\n\t\t\t\t<div class=\"elementor-element elementor-element-580ace1b elementor-absolute elementor-hidden-mobile elementor-view-default elementor-widget elementor-widget-icon\" data-id=\"580ace1b\" data-element_type=\"widget\" data-settings=\"{&quot;_position&quot;:&quot;absolute&quot;}\" data-widget_type=\"icon.default\">\n\t\t\t\t<div class=\"elementor-widget-container\">\n\t\t\t\t\t\t\t<div class=\"elementor-icon-wrapper\">\n\t\t\t<div class=\"elementor-icon\">\n\t\t\t<svg aria-hidden=\"true\" class=\"e-font-icon-svg e-fas-arrow-right\" viewBox=\"0 0 448 512\" xmlns=\"http:\/\/www.w3.org\/2000\/svg\"><path d=\"M190.5 66.9l22.2-22.2c9.4-9.4 24.6-9.4 33.9 0L441 239c9.4 9.4 9.4 24.6 0 33.9L246.6 467.3c-9.4 9.4-24.6 9.4-33.9 0l-22.2-22.2c-9.5-9.5-9.3-25 .4-34.3L311.4 296H24c-13.3 0-24-10.7-24-24v-32c0-13.3 10.7-24 24-24h287.4L190.9 101.2c-9.8-9.3-10-24.8-.4-34.3z\"><\/path><\/svg>\t\t\t<\/div>\n\t\t<\/div>\n\t\t\t\t\t\t<\/div>\n\t\t\t\t<\/div>\n\t\t\t\t<div class=\"elementor-element elementor-element-36b50ead elementor-view-stacked elementor-shape-square elementor-widget elementor-widget-icon\" data-id=\"36b50ead\" data-element_type=\"widget\" data-widget_type=\"icon.default\">\n\t\t\t\t<div class=\"elementor-widget-container\">\n\t\t\t\t\t\t\t<div class=\"elementor-icon-wrapper\">\n\t\t\t<div class=\"elementor-icon\">\n\t\t\t<i aria-hidden=\"true\" class=\"icon icon-customer-support\"><\/i>\t\t\t<\/div>\n\t\t<\/div>\n\t\t\t\t\t\t<\/div>\n\t\t\t\t<\/div>\n\t\t\t\t<div class=\"elementor-element elementor-element-10e6f476 elementor-widget elementor-widget-heading\" data-id=\"10e6f476\" data-element_type=\"widget\" data-widget_type=\"heading.default\">\n\t\t\t\t<div class=\"elementor-widget-container\">\n\t\t\t\t\t<h3 class=\"elementor-heading-title elementor-size-default\">\u00dcretim S\u00fcreci<\/h3>\t\t\t\t<\/div>\n\t\t\t\t<\/div>\n\t\t\t\t<div class=\"elementor-element elementor-element-5abbd9cc elementor-widget elementor-widget-text-editor\" data-id=\"5abbd9cc\" data-element_type=\"widget\" data-widget_type=\"text-editor.default\">\n\t\t\t\t<div class=\"elementor-widget-container\">\n\t\t\t\t\t\t\t\t\t<p>Kompres\u00f6r\u00fcn\u00fcz\u00fc, en kaliteli malzemeler ve titiz m\u00fchendislik ile \u00fcretiyoruz<\/p>\t\t\t\t\t\t\t\t<\/div>\n\t\t\t\t<\/div>\n\t\t\t\t\t<\/div>\n\t\t\t\t<\/div>\n\t\t<div class=\"elementor-element elementor-element-25273e e-flex e-con-boxed e-con e-child\" data-id=\"25273e\" data-element_type=\"container\">\n\t\t\t\t\t<div class=\"e-con-inner\">\n\t\t\t\t<div class=\"elementor-element elementor-element-1e141af8 elementor-view-stacked elementor-shape-square elementor-widget elementor-widget-icon\" data-id=\"1e141af8\" data-element_type=\"widget\" data-widget_type=\"icon.default\">\n\t\t\t\t<div class=\"elementor-widget-container\">\n\t\t\t\t\t\t\t<div class=\"elementor-icon-wrapper\">\n\t\t\t<div class=\"elementor-icon\">\n\t\t\t<i aria-hidden=\"true\" class=\"icon icon-settings\"><\/i>\t\t\t<\/div>\n\t\t<\/div>\n\t\t\t\t\t\t<\/div>\n\t\t\t\t<\/div>\n\t\t\t\t<div class=\"elementor-element elementor-element-a2e76a8 elementor-widget elementor-widget-heading\" data-id=\"a2e76a8\" data-element_type=\"widget\" data-widget_type=\"heading.default\">\n\t\t\t\t<div class=\"elementor-widget-container\">\n\t\t\t\t\t<h3 class=\"elementor-heading-title elementor-size-default\">Kalite Kontrol ve Teslimat<\/h3>\t\t\t\t<\/div>\n\t\t\t\t<\/div>\n\t\t\t\t<div class=\"elementor-element elementor-element-32b802ee elementor-widget elementor-widget-text-editor\" data-id=\"32b802ee\" data-element_type=\"widget\" data-widget_type=\"text-editor.default\">\n\t\t\t\t<div class=\"elementor-widget-container\">\n\t\t\t\t\t\t\t\t\t<p>\u00dcretilen kompres\u00f6r, kalite kontrol testlerinden ge\u00e7tikten sonra teslim edilir.<\/p>\t\t\t\t\t\t\t\t<\/div>\n\t\t\t\t<\/div>\n\t\t\t\t\t<\/div>\n\t\t\t\t<\/div>\n\t\t\t\t\t<\/div>\n\t\t\t\t<\/div>\n\t\t\t\t\t<\/div>\n\t\t\t\t<\/div>\n\t\t\t\t\t<\/div>\n\t\t\t\t<\/div>\n\t\t\t\t<\/div>\n\t\t","protected":false},"excerpt":{"rendered":"<p>ProAir Technologies Hava Tanklar\u0131 Bas\u0131n\u00e7l\u0131 Hava \u0130sraf\u0131n\u0131 Azalt\u0131n! Bazen bas\u0131n\u00e7l\u0131 hava tank\u0131 olarak da adland\u0131r\u0131lan hava deposu, herhangi bir bas\u0131n\u00e7l\u0131 hava sisteminin ayr\u0131lmaz bir par\u00e7as\u0131d\u0131r. Bunun temel amac\u0131, sisteminizden gelen talebin zirve yapt\u0131\u011f\u0131 anlar\u0131 kar\u015f\u0131lamak ve tesisinizin \u00e7al\u0131\u015fma verimlili\u011fini optimize etmek i\u00e7in ge\u00e7ici depolama g\u00f6revi g\u00f6rmektir. \u0130\u00e7erdikleri muazzam bas\u0131n\u00e7 ve sistem a\u00e7\u0131s\u0131ndan \u00f6nemleri nedeniyle olduk\u00e7a [&hellip;]<\/p>\n","protected":false},"author":1,"featured_media":0,"parent":0,"menu_order":0,"comment_status":"closed","ping_status":"closed","template":"","meta":{"footnotes":""},"class_list":["post-832","page","type-page","status-publish","hentry"],"_links":{"self":[{"href":"https:\/\/proairtechnologies.com\/index.php?rest_route=\/wp\/v2\/pages\/832","targetHints":{"allow":["GET"]}}],"collection":[{"href":"https:\/\/proairtechnologies.com\/index.php?rest_route=\/wp\/v2\/pages"}],"about":[{"href":"https:\/\/proairtechnologies.com\/index.php?rest_route=\/wp\/v2\/types\/page"}],"author":[{"embeddable":true,"href":"https:\/\/proairtechnologies.com\/index.php?rest_route=\/wp\/v2\/users\/1"}],"replies":[{"embeddable":true,"href":"https:\/\/proairtechnologies.com\/index.php?rest_route=%2Fwp%2Fv2%2Fcomments&post=832"}],"version-history":[{"count":4,"href":"https:\/\/proairtechnologies.com\/index.php?rest_route=\/wp\/v2\/pages\/832\/revisions"}],"predecessor-version":[{"id":837,"href":"https:\/\/proairtechnologies.com\/index.php?rest_route=\/wp\/v2\/pages\/832\/revisions\/837"}],"wp:attachment":[{"href":"https:\/\/proairtechnologies.com\/index.php?rest_route=%2Fwp%2Fv2%2Fmedia&parent=832"}],"curies":[{"name":"wp","href":"https:\/\/api.w.org\/{rel}","templated":true}]}}